be k(-28). Suppose z*d + 3 + 3 = 0, 0 = 3*v - 2*d - 666. Calculate the highest common divisor of v and 44.
44
Let v be (-90)/4*20/(-15) - 0. Calculate the highest common divisor of v and 18.
6
Let i(s) = s**2 + s + 34. Let x be i(0). Let k = -22 + x. Let n(w) = w**2 - 10*w - 13. Let g be n(k). What is the highest common divisor of g and 88?
11
Let u(n) = -3*n**3 - 4*n**2 + 8*n + 5. Let q be u(-3). Let h = -69 - -134. What is the highest common factor of q and h?
13
Suppose -h - 4*v + 100 = 4*h, -2*h + 4*v + 12 = 0. Let m be (-4*18/96)/((-2)/64). What is the greatest common divisor of h and m?
8
Let s(b) = -b**2 + 50*b - 496. Let f be s(22). What is the greatest common divisor of f and 210?
30
Let p be 4/18 - 9/((-162)/2750). Suppose -89 = -5*f - k - k, -59 = -3*f - 4*k. What is the highest common divisor of p and f?
17
Suppose -187 = -g - 34. What is the highest common factor of g and 45?
9
Let x = 17 - 35. Let b be (x/15)/(2/(-20)). Let t be 6/5*(-19 + -2 + 36). What is the greatest common divisor of b and t?
6
Let l = 1438 - 1420. Calculate the greatest common divisor of l and 14.
2
Suppose -3*b = -2*d - 2, -36 = -7*d + 3*d - 4*b. Let q(u) = -u**3 + 7*u**2 - u. Let k be q(5). What is the greatest common divisor of k and d?
5
Let a be (2 + -3 + 2)*75. Suppose 4*l - 97 = 35. Let n = l - 18. Calculate the highest common divisor of a and n.
15
Suppose -q - 3*n - 18 = -5*q, q = -n + 1. Suppose p = -r + 6*p + 1, q*r - 58 = 4*p. Calculate the greatest common factor of r and 65.
13
Let q(y) = -6*y - 14. Let l be q(-13). Calculate the greatest common factor of 48 and l.
16
Let t be (31/(-2))/(7/(-14)). Calculate the highest common divisor of 155 and t.
31
Let c(i) = 3*i - 9. Let m be c(6). Let w = 3306 + -3305. What is the greatest common divisor of m and w?
1
Let v be ((-4)/8)/((-1)/(-15))*-10. Calculate the highest common factor of 420 and v.
15
Let p be (1/((-6)/8))/((-10)/(-135)). Let s = -12 - p. Let d = 69 + -45. What is the greatest common divisor of s and d?
6
Let j = 654 - 632. Calculate the greatest common factor of j and 22.
22
Suppose -4*p + 1986 = 2*z, 14*z - 16*z = 2*p - 990. What is the greatest common divisor of p and 830?
166
Let u be -2 - ((2 - 8) + 0). Let h be 27/(-18)*u/(-3). Let c be h/11 - 823/(-11). What is the greatest common divisor of c and 30?
15
Let r = 114 + -105. Calculate the highest common divisor of r and 387.
9
Suppose 4*c + 2*f + 1 = -9, 5*f - 40 = 3*c. Let i = 8 - c. Let u = 16 - i. Calculate the greatest common factor of u and 6.
3
Suppose -m + 63 + 77 = 0. What is the highest common divisor of 160 and m?
20
Let f(j) = -j**2 - 11*j + 413. Let z be f(15). Let a be (-4 - -1)/(1/(-69)). What is the highest common divisor of z and a?
23
Suppose 11 = 2*c - 23. Let r(f) = -3*f**3 + c + 4*f**3 + 1 + 12*f**2 + 15*f + 2*f**2. Let s be r(-12). Calculate the highest common factor of 14 and s.
14
Let g be 18/2 + (-6 - -2). Suppose 4 = -a + g. What is the greatest common factor of 2 and a?
1
Suppose -6*g = -9*g + 594. Let c be (12/14)/(3/63). Calculate the highest common divisor of c and g.
18
Let z(s) = 14*s**2 - 2*s + 3. Let p be z(2). Let b be 329*(-2 + (-16)/(-7)). Let h = -83 + b. What is the highest common divisor of p and h?
11
Let k(s) = s**2 + 6*s + 8. Let r be k(-8). Let f = -3 + 7. Suppose f*m - r = -0*m. Calculate the greatest common divisor of m and 4.
2
Let o = 284 + -281. What is the greatest common divisor of 303 and o?
3
Let t be (120/(-4))/(-6) + 14. What is the greatest common divisor of 95 and t?
19
Let l(y) = y**3 + 6*y**2 - 7*y + 9. Suppose 0 = -9*f + 3 - 66. Let w be l(f). What is the highest common factor of 1 and w?
1
Let k(u) = u**3 - u**2 + 2*u. Let w be k(3). Let g be (-1)/((5/30)/(8/(-6))). Calculate the greatest common factor of w and g.
8
Let o be ((-10)/8)/(13/(-52)). Suppose 0 = 2*n - o - 13. Calculate the highest common factor of n and 18.
9
Let h(t) = 10*t**2 + t - 29. Let l be h(4). Calculate the greatest common divisor of 45 and l.
45
Suppose -12*o = -7*o - 5. Let d be -3*o*28/(-4). What is the greatest common factor of d and 14?
7
Suppose 3*y = 4*h - 4, h + 1 - 2 = 5*y. Suppose 27*p - 32*p + 35 = y. Let u = 35 + p. What is the greatest common factor of 28 and u?
14
Let k be (11 - 20)*(-4)/36. What is the greatest common factor of k and 1?
1
Let j be 96/9 - 1/(-3). Suppose -3*u + 0*u + 12 = 0. Suppose -u*t - 4*z = -416, -z = -6*z + 25. Calculate the highest common divisor of j and t.
11
Suppose -2 = -4*p - b + 2, -4*p - 5*b = -20. Let t be (1 - (-3 - p)) + 5. Calculate the greatest common factor of t and 36.
9
Suppose -10*c + 1517 = 407. Suppose 2*s = -23 + c. What is the greatest common factor of s and 4?
4
Suppose 8*o = 3*o. Suppose -x + 3 + 1 = o. Calculate the greatest common factor of x and 4.
4
Let f(i) = -i**2 + 69*i - 839. Let a be f(25). What is the greatest common factor of a and 87?
87
Suppose -100 = -6*x - 28. What is the greatest common factor of x and 54?
6
Let q = 117 - 136. Let y = -16 - q. Calculate the greatest common factor of y and 3.
3
Suppose -4 = y - 2*r + 3, -12 = 4*y - 4*r. Let l(p) = 210*p**2 - 1. Let n be l(y). Calculate the highest common factor of 19 and n.
19
Let d be 1*-17*(-1)/1. Let k(s) be the second derivative of s**3/6 + 15*s**2 - 10*s. Let n be k(-13). Calculate the highest common factor of n and d.
17
Let x(v) = 3*v**2 + 3*v + 1. Let a be x(-2). Let o = -3 + a. Calculate the highest common factor of 36 and o.
4
Suppose 4*l - 146 - 110 = 4*r, l - 5*r = 60. Let v = 70 - l. Calculate the highest common divisor of 5 and v.
5
Let j(h) = 4*h - 55. Let k be j(15). Suppose 5*o - 90 = -11*q + 7*q, k*q = -o + 123. Calculate the greatest common factor of q and 5.
5
Suppose -36*u + 837 = -33*u. What is the highest common divisor of 31 and u?
31
Suppose 5*m - 137 = -x + 153, 4*x = -3*m + 174. Suppose 2*w - 12 = -4*z, -8*w + 4*z = -3*w - m. What is the greatest common factor of 270 and w?
10
Let s = -88 - -163. Suppose -s = -l + 61. Let p be (36/180 + (-82)/(-15))*(-3)/(-1). Calculate the greatest common factor of l and p.
17
Suppose 0 = z - 0*z, -5*z - 116 = -2*o. Let m be ((-3 - -6)/3)/(1/(-68)). Let g = o - m. Calculate the greatest common divisor of 14 and g.
14
Let w(m) = -m**2 + m. Let g(q) = 10*q + 2. Let t = -8 - -9. Let j(r) = t*w(r) - g(r). Let i be j(-7). What is the highest common divisor of i and 48?
12
Let i(v) = v**3 - 7*v**2 - 8*v + 24. Let k be i(8). Calculate the greatest common factor of 88 and k.
8
Let w = -6 + 10. Suppose w*x + 8 = -5*n, 0 = -x + 4*n + 5 + 14. Let h = 30 - 18. Calculate the greatest common divisor of x and h.
3
Let g = 75 - 106. Let o = 101 + g. Calculate the greatest common divisor of o and 10.
10
Let k = -721 - -968. Calculate the highest common divisor of 65 and k.
13
Let f(r) = 5*r - 87. Let a be f(35). What is the greatest common factor of a and 33?
11
Let n(h) = 6*h - 10. Let d(w) = w. Let b(g) = d(g) + n(g). Let q = 3 + 1. Let m be b(q). Calculate the highest common factor of m and 9.
9
Suppose 2*v + 0*i = -3*i + 29, 2*i = 2*v - 54. Calculate the greatest common factor of v and 2.
2
Let t be 60 + (-3*2)/(-3). Suppose 0 = 2*q - t + 12. Suppose 0 = -3*r - 0*r + 150. Calculate the highest common factor of r and q.
25
Let y(u) = 5*u + 1. Suppose x + x = 12. Let k be y(x). Calculate the greatest common divisor of k and 31.
31
Suppose -2*z = -154 - 146. Let u = z + -122. What is the highest common factor of u and 42?
14
Let g = 516 + -131. Suppose 0 = 5*u - 5*x - 175, -123 = -5*u - x + 52. Calculate the greatest common factor of g and u.
35
Let h(g) = -g + 21. Suppose 2*z - w = -3*z + 57, -60 = -4*z - 4*w. Let u be h(z). Let b be (24/u)/((-6)/(-99)). What is the highest common factor of b and 4?
4
Let m be -1*9/3 + 1. Let v be (6 - 4) + 20/m. Let k be (-3)/(-12) + (-54)/v. Calculate the highest common divisor of 7 and k.
7
Let h = 1868 - 1860. What is the highest common divisor of h and 200?
8
Let o(l) = -l**2 - 18*l - 36. Let r be o(-4). Suppose 6*h - 420 = 3*h. Calculate the greatest common divisor of r and h.
20
Let g(d) = 2*d**2 + 16*d + 53. Let b be g(-7). What is the greatest common factor of 156 and b?
39
Let h be (-2)/7 + (-130)/35. Let z be (h/(-3))/((-2)/3). Let m be (2/4)/(z/(-56)). Calculate the highest common 